. Let x = o - u. Calculate the remainder when 84 is divided by x.
41
Suppose 45*f + 780 = 49*f. What is the remainder when 789 is divided by f?
9
Suppose -2*f = -3*f + 10. What is the remainder when f is divided by 1/13*-2 - 495/(-7722)*96?
4
Let w(p) = 85*p + 4. Let x be w(-2). Let m = -154 - x. Let r = 47 + -29. What is the remainder when r is divided by m?
6
Let f = 224 + -126. What is the remainder when f is divided by 30/20*300/18?
23
Suppose 11*a + y = 15*a - 3742, 2*y = 3*a - 2804. What is the remainder when a is divided by 155?
6
Suppose 20*j - 320 = 16*j. What is the remainder when 1839 is divided by j?
79
Suppose 0 = 19*x + 2833 + 3361. Let w = x + 508. Calculate the remainder when w is divided by 37.
34
Let o(s) be the third derivative of s**4/2 + 51*s**3 + 154*s**2. Let b = 49 + -2. What is the remainder when o(-18) is divided by b?
43
Let z(c) = -48*c**2 - 15*c - 66. Let a(p) = 3*p**2 + p + 4. Let m(n) = 33*a(n) + 2*z(n). Let g = -22 + 16. What is the remainder when m(g) is divided by 23?
21
Suppose 0 = -4*o + 39 - 7. Suppose 7*f - 3*f = 4*y - 172, 0 = -2*y + 3*f + 85. Let n = y - 32. What is the remainder when n is divided by o?
4
Suppose -5*t + q = -6 + 17, 7 = -t - q. What is the remainder when 59 is divided by (6/1)/((-11)/t + -3)?
5
Let k be (-135)/18*(-8)/10. Calculate the remainder when 29/((-18)/48 + 3/k) is divided by 77.
1
Let j = -1640 + 3783. What is the remainder when j is divided by 65?
63
Let t = -337 - -342. Let u(q) be the third derivative of 5*q**4/6 - 19*q**3/3 + 20*q**2. What is the remainder when u(t) is divided by 21?
20
Let u(h) = h**2 + 4*h + 146. Let a be u(-12). Suppose 5*q + t - 651 = 0, -2*q - 11*t + 6*t + a = 0. What is the remainder when q is divided by 35?
26
Calculate the remainder when 247 is divided by 696/261*186/4.
123
Let a = -43 - -47. Suppose 4*j - 52 = -a*f, 2*f - 34 = -f - 2*j. Calculate the remainder when 39 is divided by f.
7
Let f = -38 + 38. Suppose f*v + 3514 = 14*v. Calculate the remainder when v is divided by 64.
59
Suppose 16358 = 226*u + 4606. Calculate the remainder when 1010 is divided by u.
22
Suppose 0 = -4*i + 4*a + 160 + 40, 3*a - 85 = -2*i. Suppose -4*g + 7*g = -4*t + 162, i = t + 4*g. Calculate the remainder when 233 is divided by t.
38
Calculate the remainder when 4/(-4 + 1 + -838*(-147)/41058) is divided by 58.
56
Let y be (21/(-14))/(5/(-810)). What is the remainder when (10071/y)/(1/9) is divided by 95?
88
Suppose -3*a = 2*p - 34, a + a - 4*p + 4 = 0. Let s be -21*a/36*(-6 + 0). Suppose 0 = 2*c - s - 10. What is the remainder when 73 is divided by c?
16
Suppose 4*f - 4*z - 203 + 67 = 0, 34 = f - 3*z. What is the remainder when 325 is divided by f?
19
Suppose 84*q - 86*q = 5*k - 1593, 0 = -4*k + 2*q + 1278. Calculate the remainder when 1879 is divided by k.
284
Suppose 1 = -2*g + 9, 2*g + 1099 = w. What is the remainder when w/12 - (2 - (-7)/(-4)) is divided by 24?
20
Calculate the remainder when ((-53)/212)/((-1)/1284) is divided by 86.
63
Suppose -2*p + 6 = 3*a, -3*p + 11 = 4*a + 2. Suppose -q + 0*u + 135 = 2*u, p*u - 6 = 0. What is the remainder when q is divided by 45?
41
Suppose 5*q - 31 = -4*d - 0, 2*d - 5 = q. What is the remainder when 16 is divided by (q*(-24)/(-90))/((-2)/(-25))?
6
Suppose 0 = -3*i + s + 62, -2*i - s + 48 = 10. Let z = 75 - -104. Suppose 2*d + 5*r = z, 2*d + r = 7 + 184. What is the remainder when d is divided by i?
17
Suppose 0 = -3*u + 5*y + 305 + 38, -438 = -4*u - 3*y. Calculate the remainder when 878 is divided by u.
101
Let u be -3 - -5 - (1 + 57). Let c = 145 + u. What is the remainder when c is divided by 45?
44
Suppose 4*c + 224 = -3*i + 7*i, 5*i = -c + 262. Let p = -289636 - -289665. What is the remainder when i is divided by p?
24
Suppose 5*g - 46 = 4*l - 11, 0 = 4*g - 5*l - 19. Suppose -4*a = 4*k - 184, -5*a + 235 = 3*k + g. Calculate the remainder when a is divided by 7.
1
Let a = -828 + 1220. Suppose 5*k - a = -3*n, -2*k - 608 = -5*n + k. Suppose -7 = -i - 4*c, -4*c - 4 = -4*i + n. Calculate the remainder when 52 is divided by i.
25
Let w(f) = f + 8. Let i be w(-5). Let g(v) be the second derivative of 11*v**3/3 - 2*v**2 - 56*v. Calculate the remainder when g(i) is divided by 23.
16
Suppose -3*i + 3*q = -i, -50 = -5*i - 5*q. Suppose -2*f + i*f = 40. What is the remainder when -54*((-5)/f + 0) is divided by 15?
12
Suppose 21*z = 6*z - 165. What is the remainder when (-13 - z)/(135/138 + -1) is divided by 11?
4
Suppose 0 = -9*f - 2123 + 2294. Calculate the remainder when 2937 is divided by f.
11
Let a = 89 + -32. Suppose -351*f = -2103 + 315 - 318. Calculate the remainder when a is divided by f.
3
Suppose -11*y = y - 60. Suppose 0 = -y*q - 131 + 281. What is the remainder when 109 is divided by q?
19
Suppose 17*d + 23*d = -480. Let o(l) = l**3 + 11*l**2 - 19*l - 45. What is the remainder when 152 is divided by o(d)?
35
Let z = -146 + 339. Let y = z + -186. What is the remainder when 102 is divided by y?
4
Suppose 0 = -5*j + 912 + 58. Suppose -6*c - 1298 = -j. Let n = 313 + c. What is the remainder when n is divided by 22?
19
Suppose -4*g = -5*b - 18, -7 = -2*g - 3. Let z be ((-3)/b)/((-3)/(-158)). Let r = 141 - z. What is the remainder when r is divided by 16?
14
Let c = -61 + 275. Calculate the remainder when 243 is divided by c.
29
Suppose -z - 4*r - 413 + 402 = 0, 3*r - 3 = -3*z. Let p(g) = 20*g - 3*g - 33 + 7*g. Calculate the remainder when p(z) is divided by 18.
15
Suppose -753 = -2*v - 3*g, 3*v + 3*g = g + 1142. What is the remainder when v is divided by (-22 + 0/2)/(-2)?
10
What is the remainder when (-11124)/(-13 - (-24 - -13)) is divided by 23?
19
Suppose -28*g + 4*g = 65*g - 623. Calculate the remainder when 2288 is divided by g.
6
Let k(n) = 17 - 1 + 44*n + 4. Let a be k(11). Suppose -7*h + a = -182. Calculate the remainder when h is divided by 25.
23
What is the remainder when -1 - 2/(22/(-13497))*1 is divided by 602?
22
Let o = 35 - 0. Calculate the remainder when (-33)/(420/(-294) - 1/(-1)) is divided by o.
7
Let f be 4/10 + (-92)/(-20). Suppose -3*p + 55 = -f. Let c = -1433 + 1532. What is the remainder when c is divided by p?
19
Let b = 4 - -15. Suppose 20*m - 1250 = -105*m. Calculate the remainder when b is divided by m.
9
Let x(h) = -h**2 + 4*h - 7. Let v be x(5). Let s(q) = q**2 - 74. What is the remainder when s(v) is divided by 29?
12
Suppose 25*l + 14490 = 15*l. What is the remainder when l/(-36) + (-1)/4 is divided by 11?
7
Suppose -481*n = -486*n + 183 - 18. Let q = 63 - -109. Let f = -42 + q. What is the remainder when f is divided by n?
31
Suppose 6*z - 2064 = 756. Suppose 2977 = 23*x + z. Calculate the remainder when x is divided by 38.
33
Suppose -4*u + 3*u = -5. Suppose 2*a - 33 = -5*t, -6*t - 68 = -u*a - 4*t. What is the remainder when 76 is divided by a?
6
What is the remainder when (-4)/((-880)/(-5115)*2/(-8)) is divided by 92?
1
Suppose -8*s - 46*s - 23*s + 50743 = 0. What is the remainder when s is divided by 58?
21
Let q = 16 - 99. Let x = q - -133. Calculate the remainder when x is divided by 28.
22
Suppose -c + 2*y + 7 = 2*c, -c - 4*y + 7 = 0. Suppose -3*n - 6 = -c. What is the remainder when ((-2)/6)/((4 + n)/(-387)) is divided by 22?
21
Let c(h) = -9*h**2 - 163*h - 154. Calculate the remainder when 5374 is divided by c(-17).
14
Calculate the remainder when 385 is divided by -8 + -726*72/48*1/(-3).
30
Let c be (-22)/(-11) - (18 + -2 - -1). Let x = 66 - c. Let g = 86 - x. Calculate the remainder when 19 is divided by g.
4
Suppose c - 2*k - 752 = -2*c, c = -k + 254. Let u = c - 242. What is the remainder when 127 is divided by u?
7
Let u(t) = 5*t**3 + 115*t**2 + 7*t - 44. Calculate the remainder when u(-22) is divided by 186.
176
Suppose 4*b = -3*r - 14 - 1, -2*r - 10 = 0. Suppose b*w + 51 = w. Suppose 0 = 4*u - 5*u + w. What is the remainder when u is divided by 27?
24
Suppose -1243 = -3*i + 4*t + 232, -16 = -4*t. Suppose 0 = 9*v - i + 272. Calculate the remainder when 274 is divided by v.
24
Suppose -153*j + 6200 = 1725 - 3481. What is the remainder when 1042 is divided by j?
2
Suppose -4*d = d - 5*q - 245, -q + 49 = d. What is the remainder when d is divided by (24/21)/(23 - 22500/980)?
21
Let z(t) = t**2 + 3. What is the remainder when ((-6)/(-51))/1 - -1409*5/85 is divided by z(-5)?
27
Le